 derivative of g(x). Suppose -t + 6*t = -10. Calculate l(t).
4
Let o(v) = -v**3 - 7*v**2 - 7*v - 2. Let u be (-20)/5 + (-8)/(2 - -2). Calculate o(u).
4
Let d(n) = -n**3 + 113*n**2 - 434*n - 212. Let z be d(109). Let o(v) = 6*v - 34. Determine o(z).
2
Let d(x) = -1 + 558*x**3 - 3*x**2 + 1 - 556*x**3 - 51*x + 42*x. What is d(3)?
0
Let u(r) = r - 3. Let w(k) = -k**2 - 44*k - 21. Let t be w(-19). Let n = -451 + t. What is u(n)?
0
Let w(l) = -2*l**2 - 1. Let u(s) = -5*s**2 + 5*s - 22. Let h(f) = -2*f**2 + 2*f - 8. Let m(v) = 8*h(v) - 3*u(v). Let y(i) = m(i) - 2*w(i). Give y(-3).
28
Let u = 14104 - 14119. Let p(n) = n**2 + 15*n + 27. What is p(u)?
27
Let s(r) be the first derivative of r**3/3 + 5*r**2/2 - 4*r - 1633. Calculate s(2).
10
Let w be -7 - -2 - (3 - -1). Let f be (w/3)/(15/(-10)). Let n(g) = 6 - 2 - 4 - f - 6*g. Calculate n(-2).
10
Suppose -378 + 990 = 3*f - g, 4*g = -5*f + 1003. Let s = f + -200. Let u(i) = 2*i - 4. What is u(s)?
2
Let h(r) = -5*r + 1. Let f(s) = -68*s - 2305. Let d be f(-34). What is h(d)?
-34
Suppose 2*i - 30 = 7*i. Let f(h) = -29*h**2 + 3196*h + 49. Let n(l) = -9*l**2 + 983*l + 16. Let c(k) = -4*f(k) + 13*n(k). Give c(i).
6
Let v(a) = -a**2 - 2*a - 1. Let q be v(-1). Let f(n) = 49 + 312*n - 9 + 23 - 179*n - 134*n. Determine f(q).
63
Let x be (-2)/((-4)/14) - 50/2. Let l(q) = -q**3 - 20*q**2 - 37*q - 32. Calculate l(x).
-14
Let i(s) = -2*s**3 - 2*s**2 + 3*s + 7. Suppose -5*k - 40 = 2*l, -l - 52 + 84 = -4*k. Give i(l).
7
Let p(l) be the first derivative of l**4/4 - 4*l**3/3 - 2*l**2 + 4*l - 17. Let m(n) = -n**2 + 11*n - 25. Let s be m(6). Give p(s).
9
Let r(b) = b**2 - b - 4. Let o(m) = 2*m + 2. Let p be o(-1). Let y(c) = c**2 + 8. Let z be y(p). Suppose -26 + z = -6*l. Calculate r(l).
2
Let z be 2 + 11 + -6 + (-1 - -1). Let k(o) be the first derivative of 9/2*o**2 - z*o - 1/3*o**3 - 18. Determine k(8).
1
Let o(l) = -6*l**2 - 235*l - 44. Let d be o(-39). Suppose 15 = -2*s + s - 5*x, 0 = -s + 2*x + 6. Let t(m) = 9*m + m**2 - 4*m + 4 - 1 + s. Determine t(d).
3
Let y(f) = -f**2 - 7*f - 6. Let z = 37 - 32. Suppose 3*o = o + 10, 0 = -5*s - 5*o + z. Give y(s).
6
Let v = -21934 + 263209/12. Let j(h) be the second derivative of 39*h + v*h**4 + 0 - 5/6*h**3 + 4*h**2. Determine j(6).
14
Let f(k) = -59*k**2 - 16*k - 20. Let d(i) = -26*i**2 - 7*i - 9. Let v(p) = 9*d(p) - 4*f(p). Give v(3).
20
Suppose 5*y + 63 = 3*w - 18, -2*w = y - 41. Let z(v) = 0 - w*v - 4 - 13 + 23*v. Determine z(0).
-17
Let h(x) be the third derivative of -x**9/30240 + x**7/5040 + x**5/60 - 20*x**2. Let c(d) be the third derivative of h(d). What is c(1)?
-1
Let x(b) = 12*b + 9. Let q(w) = w**3 - 15*w**2 - 16*w - 4. Let j be q(16). Calculate x(j).
-39
Let q(g) = -30 + 2*g + 49 - 23. Suppose -4*r - 4*k - 24 = 0, 15*k = 2*r + 19*k + 18. What is q(r)?
-10
Let y = -6 - 7. Let i be (12 + y)*(-3 + 0). Suppose b = -4*p - 21, -i*p - 24 - 3 = 3*b. Let v(m) = -m + 5. Give v(b).
10
Let a(n) be the second derivative of n**4/12 + 2*n**3/3 - 31*n**2 + 9*n. Let q(u) be the first derivative of a(u). What is q(-3)?
-2
Let m(l) be the first derivative of 5/2*l**2 + 0*l + 5/3*l**3 - 1/4*l**4 + 9. Let o(j) = -j**2 + j + 1. Let r(a) = -m(a) - o(a). What is r(5)?
-6
Suppose 2*p - p = 1. Let o(d) = 70356 + 70353 - d - 140708 + 12*d**2. Determine o(p).
12
Suppose 0 = -5*m - 608 - 312. Let k = 187 + m. Let v(a) = 0*a**2 + 4 + a**2 - 5*a**2 + 3*a**2 - a. What is v(k)?
-8
Let d(u) = 15*u - 21 + 664*u**2 - u**3 - 2002*u**2 + 661*u**2 + 666*u**2. What is d(-12)?
-57
Let t be (-68)/(-70) + 260/9100. Let j(a) = 6*a - 1. Let y(v) = -5*v + 1. Let h(k) = k + 5. Let n be h(-8). Let f(r) = n*j(r) - 4*y(r). Determine f(t).
1
Suppose 5*h - 28 = 4*l, 2*h = -h + 12. Let y be (-2 - (l + -2))*2. Let i(q) = -14 + 16 - 63*q + 4*q**2 + 86*q - 24*q - q**3. Give i(y).
-2
Suppose 27 + 0 = 9*v. Let y(w) = -4*w**2 - 61*w**v + 4*w + 31*w**3 + 9 + 31*w**3 - w**2 - 4. Give y(4).
5
Let l(t) be the first derivative of -t**3/6 - 9*t**2/2 - 8*t + 7. Let h(g) be the first derivative of l(g). Let a be -20*(-9)/45 - 4. Determine h(a).
-9
Let d = -9967 - -9985. Let n(a) = -a**2 + 21*a - 55. Determine n(d).
-1
Let m be -65 + -2*2/4. Let l = -28 - m. Let k(c) = 7 - l*c + 41*c + 8*c**2 - 9*c**2. Give k(5).
-3
Let x be (-1)/11 - 11008/3784. Let b(z) = 2*z**2 + 26*z + 4. Determine b(x).
-56
Let t(g) = g - 35. Let q(j) = j**3 - 32*j**2 + 115*j - 66. Let d be q(28). What is t(d)?
-17
Let r(d) = d**2 + 5*d - 26. Let n(b) = -3*b**2 - 204*b + 632. Let w be n(-71). Determine r(w).
-12
Suppose -3*j + 10 = -4*s - 17, -3*s - 3*j - 15 = 0. Let z(q) = -q**3 - 6*q**2 - 4*q - 23. What is z(s)?
1
Suppose -5*y = -2*a + 39, -201*y - 37 = -a - 196*y. Let c(j) be the second derivative of 0 + 14*j - 1/4*j**4 + 1/20*j**5 - 3/2*j**a + 1/6*j**3. Give c(4).
17
Let r(y) be the second derivative of y**4/12 + y**3/6 - 61*y**2 - 5659*y. What is r(11)?
10
Let n(a) be the second derivative of 7/6*a**3 + 6*a**2 + 35*a - 2/3*a**4 + 0. Let r(k) = -7*k**2 + 7*k + 10. Let v(t) = 6*n(t) - 7*r(t). What is v(7)?
2
Let i(g) = -g**3 + g**2 + 2*g + 1. Suppose -67 = -7*m + 31. Suppose 0 = -4*v + 3*y - 27, -19 = 3*v + m*y - 16*y. What is i(v)?
31
Suppose -404*i = -407*i - 1713. Let m = 562 + i. Let j(x) = 3*x + 21. Calculate j(m).
-6
Let q = -13 + 9. Let w(r) be the second derivative of r**3/6 + 5*r**2 - 5139*r + 2. Determine w(q).
6
Let v(t) be the third derivative of -t**5/60 + 3*t**4/8 + 5*t**3/6 - 43*t**2 + 6. What is v(6)?
23
Suppose 242 = 34*q - 12*q. Let r(d) = -8 + q*d**3 - 12*d**3 + 5 + d**2 - 2*d. Calculate r(-2).
13
Let n(i) = 2*i + 11. Let p(y) = 4*y + 33. Let c be p(-7). Suppose -c*f - 3*m = -0*m + 49, 2*f + 3*m + 25 = 0. What is n(f)?
-5
Let q be (-6 - -9) + -1 + -2. Suppose -3*n + 8 + 16 = q. Let g(l) = -l**2 - 2*l + n - 12 + 4. Determine g(-4).
-8
Let r = 20128 + -20135. Let n(o) = -7*o**2 - 19*o. Let h(c) = 3*c**2 + 9*c. Let l(f) = -5*h(f) - 2*n(f). Calculate l(r).
0
Let s(m) = 2*m**2 - 51*m + 15. Let c be s(26). Let x(h) = -h**3 + 40*h**2 + 40*h + 29. Let i be x(c). Let p(t) = t**3 + 11*t**2 - 13*t - 3. Determine p(i).
9
Let y be (-1 - -2)*244*5/20. Suppose 2*i + q = y, -3*i - 5*q = -2*i - 53. Let k(o) = 5*o - 3*o**3 + i + 2*o**3 - 33 - 5*o**2. Calculate k(-6).
1
Let w(a) = a + 12. Let y = -12 - -49. Let c be (y/(-4) + (-15)/20)/2. What is w(c)?
7
Let z = 530 + -536. Let s(w) = 5*w + 33. Give s(z).
3
Let o = 6 - 8. Let v(b) = 29*b**2 - 3*b - 7. Let x(d) = -12*d**2 + d + 3. Let c(q) = 3*v(q) + 7*x(q). What is c(o)?
16
Let f(v) = -99*v**3 + 24*v + 11*v**2 + 8 - 95*v**3 + 10 - 95*v**3 + 288*v**3. Give f(13).
-8
Let z(u) = -23*u**2 - 47*u - 15. Let w(v) = -19*v**2 - 43*v - 17. Let m(h) = -6*w(h) + 5*z(h). Give m(24).
3
Let v(o) = 3*o**2 + 18*o - 41. Let s(z) = -z**2 - 6*z + 13. Let n(u) = 7*s(u) + 2*v(u). Determine n(-10).
-31
Let k(b) be the second derivative of -b**4/24 + 5*b**3/6 - 149*b**2/2 + 300*b. Let o(d) be the first derivative of k(d). Calculate o(-3).
8
Let c(v) = 9*v**3 - v**2 + 2*v - 1. Let u(g) = 9*g**3 + g - 1. Let t(b) = -2*c(b) + 3*u(b). What is t(1)?
9
Let z(q) = -2*q + 2150 - 62*q**2 - 2166 + 63*q**2 - q**3. Calculate z(0).
-16
Let c(s) = 29 - 9466*s - 38 + 9476*s. Determine c(-5).
-59
Let w(x) = -x**3 + 13*x**2 + 2*x - 8. Suppose -2*g + m = -28, -52*g + 54*g - 34 = 4*m. Determine w(g).
18
Let s(b) = -2*b - 6. Let o(k) = 2*k**2 - 30*k - 46. Let m(c) = -o(c) + 10*s(c). What is m(6)?
-26
Let v(d) be the first derivative of -d**4/4 + 15*d**3 - 45*d**2/2 + 42*d - 2921. Give v(44).
-2
Suppose 87 = 39*u - 10*u. Let t = -13 - -21. Let p(q) = q**u + q + q**3 - 2*q**3 - t*q**2 + 1 - q**3. Determine p(-8).
-7
Let n(s) = s**3 - 8*s**2 + 7*s - 4. Let q(u) = -26*u**2 - 65*u - u**3 - 40*u + 81 - 76. Let b be q(-21). Give n(b).
-44
Let b = 4 + 8. Let y(h) = -3 - 74465*h + 223381*h - h**2 - 74455*h - 74448*h. What is y(b)?
9
Let c(t) = -t**3 + 5*t**2 + 7. Let k be (1 - (1 - 2)) + 125. Suppose -4*n - 100 = -4*h + 8, -3*n - k = -5*h. Suppose 2*g - 1 = -v, 7*v = 2*v - g + h. Give c(v).
7
Let v be (363/22 + -12)*(-24)/27. Let j(s) = 16*s + 18. Calculate j(v).
-46
Let s(o) be the first derivative of -o**2/2 - 10*o + 1029. What is s(-1)?
-9
Let d(p) = -6*p + 9. Let v(f) = 5*f - 8. Let g(j) = -4*d(j) - 5*v(j). Let x be 616/264 + 4/6. What is g(x)?
1
Let 